osite?
False
Suppose -5102 = -4*j - b, -2*b + 3388 - 840 = 2*j. Suppose 4*k - 2*f = 3028, 3*f - j - 1732 = -4*k. Is k a composite number?
True
Let x be (85/(-25) + 3)*204990. Is 16/104 + (-1)/(52/x) prime?
False
Is ((-11)/55)/((1/395189)/(10 + -15)) a composite number?
False
Suppose -38764486 = -726*g + 560*g. Is g composite?
True
Let c(a) = -a**3 + a**2 - 3*a + 20913. Is c(0) composite?
True
Let p be (-1)/2 - (-125)/10. Suppose -w = 6*g - 4*g - 12, 2*g + p = 5*w. Suppose -3*d + w*t - t = -768, -2*t + 492 = 2*d. Is d a prime number?
True
Suppose 2*f - 10 = v, 5*f - 32 = -2*v - 7. Suppose -2*i + f*i = 234. Suppose -2*g + i = -76. Is g prime?
False
Let m = 221936 - 68143. Is m prime?
False
Let g(u) = -7378*u - 10. Let x(q) = q**2 + 3*q - 56. Let z be x(6). Let y be g(z). Suppose 0 = -3*l + 5*m + y, 0 = -5*l + 2*m - 9745 + 34290. Is l composite?
True
Suppose 0 = -25*q - 37*q + 60*q + 3903926. Is q prime?
False
Let p(r) = r**3 - r**2 + 3*r - 4. Let y be p(-3). Let v = y + 56. Suppose 0 = v*w - 101 - 158. Is w prime?
True
Let h = 189045 + 49276. Is h a composite number?
False
Let d = 21 + -39. Let n = -13 - d. Suppose n*h - 396 = 689. Is h composite?
True
Suppose -16*i = -15*i + 1, 2*u - 2*i = 0. Is u/(-4)*27007 - 402/536 a prime number?
False
Is 366/(-2379) + (-376885)/(-13) a prime number?
False
Suppose -622*z - 94358506 + 265914192 = 0. Is z composite?
False
Let j(u) = 458*u**2 - 8*u - 17. Let a be j(8). Let q = a + -19033. Is q a prime number?
False
Suppose 1897056 = 5*o + 4*l + 586145, l - 1048742 = -4*o. Is o a composite number?
False
Let z be -1 - (1 - 0) - (1239 + 2). Let r = z - -2604. Is r a composite number?
False
Suppose -160*c + 166*c - 270 = 0. Is 73323/(-6)*(-30)/c prime?
True
Let l(c) = -28*c + 11591. Suppose -9*v + 4*v - 4 = y, -5*v + y = -4. Is l(v) composite?
True
Suppose 95*m + 1576151 = 40*m + 29687586. Is m a composite number?
True
Let w(a) be the third derivative of 189*a**4/2 - 25*a**3/6 + 8*a**2 + 2*a. Is w(3) a prime number?
True
Let p = -7755 - -77806. Is p composite?
False
Suppose -65*q - 43*q + 40492 = -51632. Is q prime?
True
Suppose -4*h = -h - 3*r - 444, -6 = 3*r. Let u = 378 - 69. Let d = u - h. Is d composite?
False
Is (68 - 70)*(-21709)/2 a composite number?
True
Let f = -192960 - -549263. Is f a prime number?
False
Let n be 669/12 - (-2)/16*2. Let g be (8/(-14))/((-4)/n*4). Suppose -g*k + 103 = -k. Is k a composite number?
False
Suppose -36*w + 34*w + 67352 = 3*y, 5*w = y + 168397. Is w a prime number?
True
Suppose -99*i - 87*i + 159608106 - 32298360 = 0. Is i composite?
True
Suppose 2*f - 1007 = -c, 8*f - 3*f = -c + 2510. Let y = 0 + f. Is y a prime number?
False
Let a be 0/(16/2)*1. Suppose u + 3 = a, 2*m = u + 2*u + 26627. Is m a composite number?
False
Is -1*(-225866 + -12)/((-10)/(-5)) prime?
True
Let r(p) = 50*p**3 - 17*p**2 - 13*p + 7. Let g(u) = 25*u**3 - 9*u**2 - 7*u + 4. Let k(i) = 7*g(i) - 4*r(i). Is k(-2) a composite number?
True
Let b(g) = 19527*g**2 + 329*g + 657. Is b(-2) prime?
False
Let j(c) = 34643*c - 922. Is j(17) composite?
True
Is 65568*(-27)/(-45) + -4 + (-105)/(-25) prime?
True
Suppose 7*d = 3*d + 3*g - 12747, -6366 = 2*d - 4*g. Let t = d - -6622. Is t a composite number?
False
Let d(z) = 11*z**2 - 6*z - 5. Let c(q) = -10*q**2 + 6*q + 5. Let f(o) = 5*c(o) + 6*d(o). Is f(-3) composite?
False
Let l = 2 + 1. Let t(o) = 551*o**2 - 9*o + 5. Let w(f) = 183*f**2 - 3*f + 1. Let g(c) = 6*t(c) - 17*w(c). Is g(l) composite?
False
Suppose -1942 + 10417 = 25*m. Let j = m + 220. Is j prime?
False
Let g(b) = -32*b + 237. Let p(n) = -36*n + 152. Let u be p(5). Is g(u) composite?
True
Suppose 0 = 5*f - 10 + 85. Is ((f/10)/(-3))/((-1)/(-16694)) prime?
False
Suppose -5*g - 16 = -2*u, -4*g + 0*g = -4*u + 20. Let p(f) = -6*f + 5. Let o be p(u). Let n = o + 174. Is n a composite number?
True
Let w = 22145 + 24478. Is w a prime number?
False
Suppose -8 - 4 = -4*u. Suppose -4*x = u*x - 92519. Is x composite?
False
Let r = -25 - -54. Suppose -m - i + r = 2*i, 3*i - 89 = -4*m. Suppose -m*a + 15*a = -905. Is a a prime number?
True
Let f = -118 + 69. Let y = -46 - f. Is -1*(2487/y)/(-1) composite?
False
Let n(v) = -v**2 - 18*v - 20. Let w be n(-16). Suppose d - 97 = w*p - 13*p, -5*p + 455 = -5*d. Is p a composite number?
True
Let m be 195/20 + (-4)/(-16) + 4. Let r(g) = 81*g + 25. Is r(m) a composite number?
True
Let a(w) = 297*w - 4856. Is a(97) a composite number?
True
Let c(o) = 6180*o**2 - 364*o + 1079. Is c(3) a prime number?
False
Let u(g) = 288*g + 50. Suppose -38*b - 5*w = -35*b - 16, -b + 4*w + 28 = 0. Is u(b) a composite number?
True
Let c(z) = -z**2 - 7*z + 6197. Let s be -1 + 5 - ((-12)/(-3) + 0). Is c(s) composite?
False
Suppose 2*v = 11*r - 6*r + 27, 6 = -2*r + 2*v. Is -3 + ((-4)/(-5 - r) - -11118) a composite number?
False
Let t = -21481 - -60974. Is t a composite number?
True
Suppose -46*a + 243381 = -415385. Is a prime?
True
Let l(o) be the third derivative of 5*o**4/4 + 7067*o**3/6 + 45*o**2 + 1. Is l(0) a composite number?
True
Suppose -12*q - 56254 = -q. Is (q/(-18))/(7/63) composite?
False
Let i(c) = 195*c**2 + 168*c - 2123. Is i(60) prime?
True
Let v be (-123)/(-6) - (-3)/(-2). Suppose 5*s - w = 8, 2*s = -2*s + 5*w + v. Is s/(8/(-1268)*(-2)/4) a prime number?
True
Suppose d = -3*p + 6, 0*d + 3*p - 42 = -3*d. Is (-619)/(8 - 150/d) composite?
True
Is (-227766)/(-22) - (8 + -2) prime?
False
Let z(y) = 88*y**2 - 125*y - 946. Is z(-48) composite?
True
Suppose 0 = 5*n - 4*p - 417175, 333744 = 4*n + 5*p - 9*p. Is n composite?
False
Suppose 0 = -5*g + 502 - 97. Let f = g - 76. Suppose -f*i - 2*b + 4137 = 0, 2*b - 821 = -i - 0*i. Is i a composite number?
False
Suppose -4*z + 2030520 = 5*f, 27*z + f + 1015274 = 29*z. Is z prime?
False
Let f(i) = 4139*i - 220. Is f(3) composite?
False
Suppose -7*i - 24 = 18. Let w be (-3 - 36/(-6))/1. Is ((i - -4) + w)/(1/10037) a prime number?
True
Let j(l) = -11939*l**2 - 1. Let m(t) = 59694*t**2 + 5. Let p(h) = -11*j(h) - 2*m(h). Let v be p(-1). Suppose -10*n = -12*n + v. Is n a composite number?
True
Is (7/(-154)*-11 - 10/(-4)) + 52163 a composite number?
True
Let y = 11053 + -16586. Let o = y - -16506. Is o composite?
False
Suppose 4*u + 3*v = -6 - 8, -5*u + 4*v - 2 = 0. Let f be (u/(-6))/(-4 + 50/12). Is (2127/12)/(0 - f/(-8)) composite?
False
Let g be (-1 - 39/6) + (-2)/(-4). Is (-4)/(-18) + (280770/(-54))/g composite?
False
Let i(f) = -f**3 + f**2 + 13*f + 10. Let l(m) = -14*m**2 + 0 - m**3 - 17*m + 2*m**3 + 21. Let q be l(15). Is i(q) composite?
True
Suppose 23*f - 17*f = -425586. Is 12/(252/f)*(-6)/2 prime?
True
Suppose 15*v - 75 = 10*v. Is (-4 - (-40)/v)*-6498 - 1 a prime number?
True
Let b(o) = 22012*o**2 + o. Let y be ((-1)/6 - (-4)/(-12))*-2. Is b(y) prime?
True
Let j = -2825 - -477. Let y = 4185 + j. Suppose -s + 5*g = -y, -4*g + 1853 = s - g. Is s prime?
True
Suppose -16*v = -12*v + 16. Is (-1)/2 - v/(24/30201) composite?
True
Suppose -2461 = m + 3252. Let l = -3204 - m. Is l prime?
False
Let z(u) = 13 + 15*u - 28*u + 12*u. Let q be z(-4). Suppose -8*f = -q*f + 21231. Is f prime?
False
Let j(o) = o + 23. Let c be j(-15). Suppose 0 = c*f - 0. Suppose 3*v - 7*v + 4668 = f. Is v a prime number?
False
Suppose 0 = 41*z - 37*z + 12. Let k(i) = -187*i**3 + 5*i**2 + 4*i + 5. Is k(z) a prime number?
True
Suppose 34*v - 20 = 29*v. Suppose -5*t = -v*l + 40907, 5*l + 17852 - 68976 = 3*t. Is l prime?
True
Let c = 172 - 168. Suppose 5*r - 2*r + 9 = 0, -c*r = 4*s - 11432. Is s a composite number?
False
Let n = 48174 - 2659. Is n a prime number?
False
Let x = -502757 + 731500. Is x a prime number?
False
Let c = 48 + -44. Suppose 0 = -u + 5, c*i + 0*i + u - 21 = 0. Suppose 127 = x + i*m - 290, 4*m - 2005 = -5*x. Is x a composite number?
False
Let j(n) = 25*n**3 + 131*n**2 + 9*n - 85. Is j(30) a composite number?
True
Let y(q) = 23*q**2 + 98*q + 121. Is y(-24) composite?
True
Suppose 4*t + 7*t - 19635 = 0. Let q = 2590 - t. Let y = 1539 - q. Is y a prime number?
False
Is 1*12/(-16) + 1 + 1571481/12 prime?
True
Suppose 12*i - 3*i - 4*i - 882025 = 0. Is i a prime number?
False
Suppose 2*r = 83*s - 78*s + 1504801, r - 5*s = 752388. Is r composite?
False
Is (176/99*6/16)/(2/345747) a composite number?
False
Let p(k) = -k**3 - 13*k**2 - 5*k - 43. Let w be (((-192)/30)/(2/(-5